{"id":6374,"date":"2022-09-02T19:07:48","date_gmt":"2022-09-02T19:07:48","guid":{"rendered":"http:\/\/maderasmaguna.com\/maguna\/?post_type=product&#038;p=6374"},"modified":"2024-03-14T15:50:55","modified_gmt":"2024-03-14T15:50:55","slug":"madera-aserrada-de-quebracho-colorado","status":"publish","type":"product","link":"https:\/\/maderasmaguna.com\/maguna\/?product=madera-aserrada-de-quebracho-colorado","title":{"rendered":"MADERA ASERRADA DE QUEBRACHO COLORADO"},"content":{"rendered":"<p>La madera aserrada de quebracho colorado es un tipo de madera utilizada en la construcci\u00f3n y en la fabricaci\u00f3n de muebles y objetos de madera. Esta madera se obtiene a partir del \u00e1rbol de quebracho colorado, que es una especie de \u00e1rbol originaria de Am\u00e9rica del Sur.<\/p>\n<p>Medios de Pago: Transferencia &#8211; Efectivo<\/p>\n<p>Email: <span data-sheets-value=\"{&quot;1&quot;:2,&quot;2&quot;:&quot;maguna.aserradero@gmail.com&quot;}\" data-sheets-userformat=\"{&quot;2&quot;:513,&quot;3&quot;:{&quot;1&quot;:0},&quot;12&quot;:0}\">maguna.aserradero@gmail.com<\/span><\/p>\n<p>ENV\u00cdOS DISPONIBLES A TODA ARGENTINA, CHILE, URUGUAY, BRASIL Y ECUADOR<\/p>\n","protected":false},"excerpt":{"rendered":"<p><strong>Presentaci\u00f3nes<\/strong><\/p>\n<p>Tabla, Tirantillos, Postes cuadrados,<br \/>\nAlfaj\u00edas<br \/>\nFabricamos a medida.<\/p>\n<p>VENTA POR MAYOR<\/p>\n","protected":false},"featured_media":6525,"comment_status":"closed","ping_status":"closed","template":"","meta":{"_monsterinsights_skip_tracking":false,"_monsterinsights_sitenote_active":false,"_monsterinsights_sitenote_note":"","_monsterinsights_sitenote_category":0},"product_cat":[15],"product_tag":[],"_links":{"self":[{"href":"https:\/\/maderasmaguna.com\/maguna\/index.php?rest_route=\/wp\/v2\/product\/6374"}],"collection":[{"href":"https:\/\/maderasmaguna.com\/maguna\/index.php?rest_route=\/wp\/v2\/product"}],"about":[{"href":"https:\/\/maderasmaguna.com\/maguna\/index.php?rest_route=\/wp\/v2\/types\/product"}],"replies":[{"embeddable":true,"href":"https:\/\/maderasmaguna.com\/maguna\/index.php?rest_route=%2Fwp%2Fv2%2Fcomments&post=6374"}],"wp:featuredmedia":[{"embeddable":true,"href":"https:\/\/maderasmaguna.com\/maguna\/index.php?rest_route=\/wp\/v2\/media\/6525"}],"wp:attachment":[{"href":"https:\/\/maderasmaguna.com\/maguna\/index.php?rest_route=%2Fwp%2Fv2%2Fmedia&parent=6374"}],"wp:term":[{"taxonomy":"product_cat","embeddable":true,"href":"https:\/\/maderasmaguna.com\/maguna\/index.php?rest_route=%2Fwp%2Fv2%2Fproduct_cat&post=6374"},{"taxonomy":"product_tag","embeddable":true,"href":"https:\/\/maderasmaguna.com\/maguna\/index.php?rest_route=%2Fwp%2Fv2%2Fproduct_tag&post=6374"}],"curies":[{"name":"wp","href":"https:\/\/api.w.org\/{rel}","templated":true}]}}